{"id":4681,"date":"2024-01-17T11:47:05","date_gmt":"2024-01-17T10:47:05","guid":{"rendered":"https:\/\/jasnatuta.com\/?page_id=4681"},"modified":"2024-11-14T05:29:53","modified_gmt":"2024-11-14T04:29:53","slug":"chi-sono","status":"publish","type":"page","link":"https:\/\/jasnatuta.com\/it\/chi-sono\/","title":{"rendered":"Chi sono"},"content":{"rendered":"\t\t<div data-elementor-type=\"wp-page\" data-elementor-id=\"4681\" class=\"elementor elementor-4681\" data-elementor-post-type=\"page\">\n\t\t\t\t<div class=\"elementor-element elementor-element-6796a09 e-flex e-con-boxed e-con e-parent\" data-id=\"6796a09\" data-element_type=\"container\" data-e-type=\"container\">\n\t\t\t\t\t<div class=\"e-con-inner\">\n\t\t<div class=\"elementor-element elementor-element-f47ca50 e-con-full e-flex e-con e-child\" data-id=\"f47ca50\" data-element_type=\"container\" data-e-type=\"container\">\n\t\t\t\t<div class=\"elementor-element elementor-element-9930790 elementor-widget elementor-widget-text-editor\" data-id=\"9930790\" data-element_type=\"widget\" data-e-type=\"widget\" data-widget_type=\"text-editor.default\">\n\t\t\t\t<div class=\"elementor-widget-container\">\n\t\t\t\t\t\t\t\t\t<p>Sono nata in un bel giorno di maggio a\u00a0<a href=\"https:\/\/www.turismofvg.it\/Sistiana\">Sistiana<\/a>, in provincia di Trieste, e come tutti i triestini ho il mare nelle vene. A sei anni ho fatto il mio primo corso di vela e fu odio a prima vista.<\/p><p>Feci una promessa a me stessa:\u00a0<strong>\u201cNon salir\u00f2 mai pi\u00f9 su una barca.\u201d<\/strong> <em>(fu solo la prima di una serie infinita di volte che mi sono fatta questa promessa\u2026)<\/em><\/p><p>Dieci anni dopo per\u00f2 sono ritornata al circolo nautico (YC \u010cupa) per un corso di windsurf e quello invece mi piaceva (o forse mi piacevano gli istruttori?!), sta di fatto che non me ne sono pi\u00f9 andata. Ho iniziato facendo l\u2019assistente ai corsi di windsurf, poi ho deciso di fare il corso istruttori della FIV cos\u00ec per una decina di anni passavo le estati a fare scuola vela, con i bambini su Optimist e con i ragazzi su tavole a vela. D\u2019estate ero al mare, d\u2019inverno invece studiavo a Lubiana in Slovenia, dove nel 2005 mi sono laureata con una tesi sul metodo Gioco Sport applicato alla vela.<\/p>\t\t\t\t\t\t\t\t<\/div>\n\t\t\t\t<\/div>\n\t\t\t\t<\/div>\n\t\t<div class=\"elementor-element elementor-element-33fcb14 e-con-full e-flex e-con e-child\" data-id=\"33fcb14\" data-element_type=\"container\" data-e-type=\"container\">\n\t\t\t\t<div class=\"elementor-element elementor-element-04c34d1 elementor-widget elementor-widget-image\" data-id=\"04c34d1\" data-element_type=\"widget\" data-e-type=\"widget\" data-widget_type=\"image.default\">\n\t\t\t\t<div class=\"elementor-widget-container\">\n\t\t\t\t\t\t\t\t\t\t\t\t<figure class=\"wp-caption\">\n\t\t\t\t\t\t\t\t\t\t<img fetchpriority=\"high\" decoding=\"async\" width=\"640\" height=\"426\" src=\"https:\/\/jasnatuta.com\/wp-content\/uploads\/2024\/01\/sistiana-2.jpg\" class=\"attachment-large size-large wp-image-7368\" alt=\"\" srcset=\"https:\/\/jasnatuta.com\/wp-content\/uploads\/2024\/01\/sistiana-2.jpg 1025w, https:\/\/jasnatuta.com\/wp-content\/uploads\/2024\/01\/sistiana-2-300x200.jpg 300w, https:\/\/jasnatuta.com\/wp-content\/uploads\/2024\/01\/sistiana-2-768x512.jpg 768w, https:\/\/jasnatuta.com\/wp-content\/uploads\/2024\/01\/sistiana-2-200x133.jpg 200w\" sizes=\"(max-width: 640px) 100vw, 640px\" \/>\t\t\t\t\t\t\t\t\t\t\t<figcaption class=\"widget-image-caption wp-caption-text\">la baia di sistiana<\/figcaption>\n\t\t\t\t\t\t\t\t\t\t<\/figure>\n\t\t\t\t\t\t\t\t\t<\/div>\n\t\t\t\t<\/div>\n\t\t\t\t<\/div>\n\t\t\t\t\t<\/div>\n\t\t\t\t<\/div>\n\t\t<div class=\"elementor-element elementor-element-d454552 e-con-full e-flex e-con e-parent\" data-id=\"d454552\" data-element_type=\"container\" data-e-type=\"container\" data-settings=\"{&quot;background_background&quot;:&quot;classic&quot;}\">\n\t\t<div class=\"elementor-element elementor-element-f772294 e-con-full e-flex e-con e-child\" data-id=\"f772294\" data-element_type=\"container\" data-e-type=\"container\">\n\t\t\t\t<div class=\"elementor-element elementor-element-5866a4f elementor-widget elementor-widget-image-carousel\" data-id=\"5866a4f\" data-element_type=\"widget\" data-e-type=\"widget\" data-settings=\"{&quot;slides_to_show&quot;:&quot;1&quot;,&quot;navigation&quot;:&quot;none&quot;,&quot;lazyload&quot;:&quot;yes&quot;,&quot;autoplay_speed&quot;:2000,&quot;effect&quot;:&quot;fade&quot;,&quot;speed&quot;:1500,&quot;autoplay&quot;:&quot;yes&quot;,&quot;pause_on_hover&quot;:&quot;yes&quot;,&quot;pause_on_interaction&quot;:&quot;yes&quot;,&quot;infinite&quot;:&quot;yes&quot;}\" data-widget_type=\"image-carousel.default\">\n\t\t\t\t<div class=\"elementor-widget-container\">\n\t\t\t\t\t\t\t<div class=\"elementor-image-carousel-wrapper swiper\" role=\"region\" aria-roledescription=\"carousel\" aria-label=\"Image Carousel\" dir=\"ltr\">\n\t\t\t<div class=\"elementor-image-carousel swiper-wrapper swiper-image-stretch\" aria-live=\"off\">\n\t\t\t\t\t\t\t\t<div class=\"swiper-slide\" role=\"group\" aria-roledescription=\"slide\" aria-label=\"1 of 2\"><figure class=\"swiper-slide-inner\"><img class=\"swiper-slide-image swiper-lazy\" data-src=\"https:\/\/jasnatuta.com\/wp-content\/uploads\/2024\/01\/jasnacoibambinivelisti-768x432.jpg\" alt=\"jasnacoibambinivelisti\" \/><div class=\"swiper-lazy-preloader\"><\/div><\/figure><\/div><div class=\"swiper-slide\" role=\"group\" aria-roledescription=\"slide\" aria-label=\"2 of 2\"><figure class=\"swiper-slide-inner\"><img class=\"swiper-slide-image swiper-lazy\" data-src=\"https:\/\/jasnatuta.com\/wp-content\/uploads\/2015\/09\/prva-po-karti-manjsa-1-1024x683-1-768x512.jpg\" alt=\"jasna-tuta\" \/><div class=\"swiper-lazy-preloader\"><\/div><\/figure><\/div>\t\t\t<\/div>\n\t\t\t\t\t\t\t\n\t\t\t\t\t\t\t\t\t<\/div>\n\t\t\t\t\t\t<\/div>\n\t\t\t\t<\/div>\n\t\t\t\t<\/div>\n\t\t<div class=\"elementor-element elementor-element-96f60d6 e-con-full e-flex e-con e-child\" data-id=\"96f60d6\" data-element_type=\"container\" data-e-type=\"container\" data-settings=\"{&quot;background_background&quot;:&quot;classic&quot;}\">\n\t\t\t\t<div class=\"elementor-element elementor-element-8fab557 elementor-widget elementor-widget-text-editor\" data-id=\"8fab557\" data-element_type=\"widget\" data-e-type=\"widget\" data-widget_type=\"text-editor.default\">\n\t\t\t\t<div class=\"elementor-widget-container\">\n\t\t\t\t\t\t\t\t\t<p>A 29 anni ho deciso di lasciare il mio lavoro di insegnante e di partire per un anno sabbatico. Ho quindi comprato un biglietto di sola andata e sono partita per l\u2019Asia.<\/p><p>Un paio di mesi dopo, in Australia mi sono imbarcata e ho <strong>navigato in Oceano Pacifico per nove anni<\/strong>, esplorando l\u2019Australia, il Messico, la Polinesia Francese, le Tonga e le Figi.<\/p><p>Dal 2018 mi trovate principalmente in Adriatico, sono armatrice di <a href=\"\/la-mia-barca\"><strong>Tahuata<\/strong><\/a>, d\u2019estate navigo e organizzo<strong> <a href=\"\/corsi-di-vela\">corsi di vela<\/a><\/strong>, in autnno vado in Polinesi, d\u2019inverno invece scrivo e presento in giro per l&#8217;Italia i miei viaggi e\u00a0 <strong><a href=\"http:\/\/i-miei-libri\" data-wplink-url-error=\"true\">i miei libri.<\/a>\u00a0<\/strong><\/p>\t\t\t\t\t\t\t\t<\/div>\n\t\t\t\t<\/div>\n\t\t\t\t<\/div>\n\t\t\t\t<\/div>\n\t\t<div class=\"elementor-element elementor-element-9a213b2 e-flex e-con-boxed e-con e-parent\" data-id=\"9a213b2\" data-element_type=\"container\" data-e-type=\"container\">\n\t\t\t\t\t<div class=\"e-con-inner\">\n\t\t<div class=\"elementor-element elementor-element-519dc9a e-con-full e-flex e-con e-child\" data-id=\"519dc9a\" data-element_type=\"container\" data-e-type=\"container\">\n\t\t\t\t<div class=\"elementor-element elementor-element-7616d96 elementor-widget elementor-widget-text-editor\" data-id=\"7616d96\" data-element_type=\"widget\" data-e-type=\"widget\" data-widget_type=\"text-editor.default\">\n\t\t\t\t<div class=\"elementor-widget-container\">\n\t\t\t\t\t\t\t\t\t<h5><strong>Le mie qualifiche:<\/strong><\/h5><ul><li>Patente nautica senza limiti dalla costa<\/li><li>Istruttrice vela FIV per derive, tavole a vela e cabinati regolarmente iscritta all\u2019Albo<\/li><li>Laureata in Scienze della Formazione primaria a Lubiana (Slovenia)<\/li><li>25.000 miglia nautiche principalmente in Oceano Pacifico<\/li><li>Corso Sicurezza in mare valido<\/li><li>Corso BLSD valido<\/li><li>Certificato di Radioamatore call sign KD0RSM<\/li><\/ul><div class=\"wp-block-image\">\u00a0<\/div>\t\t\t\t\t\t\t\t<\/div>\n\t\t\t\t<\/div>\n\t\t\t\t<\/div>\n\t\t\t\t\t<\/div>\n\t\t\t\t<\/div>\n\t\t<div class=\"elementor-element elementor-element-9c318a3 e-con-full e-flex e-con e-parent\" data-id=\"9c318a3\" data-element_type=\"container\" data-e-type=\"container\" data-settings=\"{&quot;background_background&quot;:&quot;classic&quot;}\">\n\t\t<div class=\"elementor-element elementor-element-7a5146d e-con-full e-flex e-con e-child\" data-id=\"7a5146d\" data-element_type=\"container\" data-e-type=\"container\">\n\t\t\t\t<div class=\"elementor-element elementor-element-15cf50f elementor-widget elementor-widget-image\" data-id=\"15cf50f\" data-element_type=\"widget\" data-e-type=\"widget\" data-widget_type=\"image.default\">\n\t\t\t\t<div class=\"elementor-widget-container\">\n\t\t\t\t\t\t\t\t\t\t\t\t\t\t\t<img decoding=\"async\" width=\"640\" height=\"619\" src=\"https:\/\/jasnatuta.com\/wp-content\/uploads\/2024\/03\/jasnatuta-pic.jpg\" class=\"attachment-large size-large wp-image-8907\" alt=\"jasnatuta-pic\" srcset=\"https:\/\/jasnatuta.com\/wp-content\/uploads\/2024\/03\/jasnatuta-pic.jpg 1024w, https:\/\/jasnatuta.com\/wp-content\/uploads\/2024\/03\/jasnatuta-pic-300x290.jpg 300w, https:\/\/jasnatuta.com\/wp-content\/uploads\/2024\/03\/jasnatuta-pic-768x743.jpg 768w, https:\/\/jasnatuta.com\/wp-content\/uploads\/2024\/03\/jasnatuta-pic-200x193.jpg 200w\" sizes=\"(max-width: 640px) 100vw, 640px\" \/>\t\t\t\t\t\t\t\t\t\t\t\t\t\t\t<\/div>\n\t\t\t\t<\/div>\n\t\t\t\t<\/div>\n\t\t<div class=\"elementor-element elementor-element-56fd396 e-con-full e-flex e-con e-child\" data-id=\"56fd396\" data-element_type=\"container\" data-e-type=\"container\">\n\t\t\t\t<div class=\"elementor-element elementor-element-bff7c8b elementor-widget elementor-widget-text-editor\" data-id=\"bff7c8b\" data-element_type=\"widget\" data-e-type=\"widget\" data-widget_type=\"text-editor.default\">\n\t\t\t\t<div class=\"elementor-widget-container\">\n\t\t\t\t\t\t\t\t\t<p>Il mio gioco preferito \u00e8 sempre stata la&nbsp;<strong>caccia al tesoro<\/strong>. Da bambina adoravo quando la mamma mi faceva correre su e gi\u00f9 per il giardino cercando bigliettini nascosti sugli alberi e sotto ai cespugli. Anni dopo ho scoperto che organizzare una caccia per gli altri \u00e8 per certi versi ancora pi\u00f9 divertente: inventare enigmi, scrivere indizi, comporre messaggi in codice, trovare nascondigli non troppo ovvi ecc. C\u2019era un periodo in cui passavo interi pomeriggi a disegnare mappe col succo di limone o a creare enormi puzzle, ma devo ammettere che questo non mi \u00e8 mai sembrato uno spreco di tempo. Mentre lo facevo,&nbsp;<strong>mi sentivo creativa, contenta, piena di vita<\/strong>. Non saprei proprio dire chi si divertiva di pi\u00f9 \u2013 io che preparavo la caccia o le persone che poi giocavano.<\/p>\n<p>Intorno ai 30 anni ho capito di non voler smettere di giocare, e quindi ho continuato a dare caccia a tesori sparsi in giro per il mondo. Mi piace cercarli, trovarli e condividerli.&nbsp;<span style=\"color: var( --e-global-color-text ); text-align: var(--text-align); background-color: var( --e-global-color-kadence7 );\">A volte il tesoro ha la forma di una nuova amicizia, a volte un posto spettacolare o un\u2019esperienza indimenticabile. Ma quello che mi piace di questo gioco \u00e8 che arrivare al tesoro non \u00e8 poi cos\u00ec importante, il bello \u00e8&nbsp;<\/span><strong style=\"color: var( --e-global-color-text ); text-align: var(--text-align); background-color: var( --e-global-color-kadence7 );\">divertirsi strada facendo.<\/strong><\/p>\t\t\t\t\t\t\t\t<\/div>\n\t\t\t\t<\/div>\n\t\t\t\t<\/div>\n\t\t\t\t<\/div>\n\t\t\t\t<\/div>\n\t\t","protected":false},"excerpt":{"rendered":"<p>Sono nata in un bel giorno di maggio a\u00a0Sistiana, in provincia di Trieste, e come tutti i triestini ho il mare nelle vene. A sei anni ho fatto il mio primo corso di vela e fu odio a prima vista. Feci una promessa a me stessa:\u00a0\u201cNon salir\u00f2 mai pi\u00f9 su una barca.\u201d (fu solo la [&hellip;]<\/p>\n","protected":false},"author":1,"featured_media":0,"parent":0,"menu_order":0,"comment_status":"closed","ping_status":"closed","template":"","meta":{"footnotes":""},"class_list":["post-4681","page","type-page","status-publish","hentry"],"aioseo_notices":[],"_links":{"self":[{"href":"https:\/\/jasnatuta.com\/it\/wp-json\/wp\/v2\/pages\/4681","targetHints":{"allow":["GET"]}}],"collection":[{"href":"https:\/\/jasnatuta.com\/it\/wp-json\/wp\/v2\/pages"}],"about":[{"href":"https:\/\/jasnatuta.com\/it\/wp-json\/wp\/v2\/types\/page"}],"author":[{"embeddable":true,"href":"https:\/\/jasnatuta.com\/it\/wp-json\/wp\/v2\/users\/1"}],"replies":[{"embeddable":true,"href":"https:\/\/jasnatuta.com\/it\/wp-json\/wp\/v2\/comments?post=4681"}],"version-history":[{"count":98,"href":"https:\/\/jasnatuta.com\/it\/wp-json\/wp\/v2\/pages\/4681\/revisions"}],"predecessor-version":[{"id":9198,"href":"https:\/\/jasnatuta.com\/it\/wp-json\/wp\/v2\/pages\/4681\/revisions\/9198"}],"wp:attachment":[{"href":"https:\/\/jasnatuta.com\/it\/wp-json\/wp\/v2\/media?parent=4681"}],"curies":[{"name":"wp","href":"https:\/\/api.w.org\/{rel}","templated":true}]}}

<div data-elementor-type="wp-page" data-elementor-id="4681" class="elementor elementor-4681" data-elementor-post-type="page">
				<div class="elementor-element elementor-element-6796a09 e-flex e-con-boxed e-con e-parent" data-id="6796a09" data-element_type="container" data-e-type="container">
					<div class="e-con-inner">
		<div class="elementor-element elementor-element-f47ca50 e-con-full e-flex e-con e-child" data-id="f47ca50" data-element_type="container" data-e-type="container">
				<div class="elementor-element elementor-element-9930790 elementor-widget elementor-widget-text-editor" data-id="9930790" data-element_type="widget" data-e-type="widget" data-widget_type="text-editor.default">
				<div class="elementor-widget-container">
									<p>Sono nata in un bel giorno di maggio a <a href="https://www.turismofvg.it/Sistiana">Sistiana</a>, in provincia di Trieste, e come tutti i triestini ho il mare nelle vene. A sei anni ho fatto il mio primo corso di vela e fu odio a prima vista.</p><p>Feci una promessa a me stessa: <strong>“Non salirò mai più su una barca.”</strong> <em>(fu solo la prima di una serie infinita di volte che mi sono fatta questa promessa…)</em></p><p>Dieci anni dopo però sono ritornata al circolo nautico (YC Čupa) per un corso di windsurf e quello invece mi piaceva (o forse mi piacevano gli istruttori?!), sta di fatto che non me ne sono più andata. Ho iniziato facendo l’assistente ai corsi di windsurf, poi ho deciso di fare il corso istruttori della FIV così per una decina di anni passavo le estati a fare scuola vela, con i bambini su Optimist e con i ragazzi su tavole a vela. D’estate ero al mare, d’inverno invece studiavo a Lubiana in Slovenia, dove nel 2005 mi sono laureata con una tesi sul metodo Gioco Sport applicato alla vela.</p>								</div>
				</div>
				</div>
		<div class="elementor-element elementor-element-33fcb14 e-con-full e-flex e-con e-child" data-id="33fcb14" data-element_type="container" data-e-type="container">
				<div class="elementor-element elementor-element-04c34d1 elementor-widget elementor-widget-image" data-id="04c34d1" data-element_type="widget" data-e-type="widget" data-widget_type="image.default">
				<div class="elementor-widget-container">
												<figure class="wp-caption">
										<img fetchpriority="high" decoding="async" width="640" height="426" src="https://jasnatuta.com/wp-content/uploads/2024/01/sistiana-2.jpg" class="attachment-large size-large wp-image-7368" alt="" srcset="https://jasnatuta.com/wp-content/uploads/2024/01/sistiana-2.jpg 1025w, https://jasnatuta.com/wp-content/uploads/2024/01/sistiana-2-300x200.jpg 300w, https://jasnatuta.com/wp-content/uploads/2024/01/sistiana-2-768x512.jpg 768w, https://jasnatuta.com/wp-content/uploads/2024/01/sistiana-2-200x133.jpg 200w" sizes="(max-width: 640px) 100vw, 640px" />											<figcaption class="widget-image-caption wp-caption-text">la baia di sistiana</figcaption>
										</figure>
									</div>
				</div>
				</div>
					</div>
				</div>
		<div class="elementor-element elementor-element-d454552 e-con-full e-flex e-con e-parent" data-id="d454552" data-element_type="container" data-e-type="container" data-settings="{&quot;background_background&quot;:&quot;classic&quot;}">
		<div class="elementor-element elementor-element-f772294 e-con-full e-flex e-con e-child" data-id="f772294" data-element_type="container" data-e-type="container">
				<div class="elementor-element elementor-element-5866a4f elementor-widget elementor-widget-image-carousel" data-id="5866a4f" data-element_type="widget" data-e-type="widget" data-settings="{&quot;slides_to_show&quot;:&quot;1&quot;,&quot;navigation&quot;:&quot;none&quot;,&quot;lazyload&quot;:&quot;yes&quot;,&quot;autoplay_speed&quot;:2000,&quot;effect&quot;:&quot;fade&quot;,&quot;speed&quot;:1500,&quot;autoplay&quot;:&quot;yes&quot;,&quot;pause_on_hover&quot;:&quot;yes&quot;,&quot;pause_on_interaction&quot;:&quot;yes&quot;,&quot;infinite&quot;:&quot;yes&quot;}" data-widget_type="image-carousel.default">
				<div class="elementor-widget-container">
							<div class="elementor-image-carousel-wrapper swiper" role="region" aria-roledescription="carousel" aria-label="Image Carousel" dir="ltr">
			<div class="elementor-image-carousel swiper-wrapper swiper-image-stretch" aria-live="off">
								<div class="swiper-slide" role="group" aria-roledescription="slide" aria-label="1 of 2"><figure class="swiper-slide-inner"><img class="swiper-slide-image swiper-lazy" data-src="https://jasnatuta.com/wp-content/uploads/2024/01/jasnacoibambinivelisti-768x432.jpg" alt="jasnacoibambinivelisti" /><div class="swiper-lazy-preloader"></div></figure></div><div class="swiper-slide" role="group" aria-roledescription="slide" aria-label="2 of 2"><figure class="swiper-slide-inner"><img class="swiper-slide-image swiper-lazy" data-src="https://jasnatuta.com/wp-content/uploads/2015/09/prva-po-karti-manjsa-1-1024x683-1-768x512.jpg" alt="jasna-tuta" /><div class="swiper-lazy-preloader"></div></figure></div>			</div>
							
									</div>
						</div>
				</div>
				</div>
		<div class="elementor-element elementor-element-96f60d6 e-con-full e-flex e-con e-child" data-id="96f60d6" data-element_type="container" data-e-type="container" data-settings="{&quot;background_background&quot;:&quot;classic&quot;}">
				<div class="elementor-element elementor-element-8fab557 elementor-widget elementor-widget-text-editor" data-id="8fab557" data-element_type="widget" data-e-type="widget" data-widget_type="text-editor.default">
				<div class="elementor-widget-container">
									<p>A 29 anni ho deciso di lasciare il mio lavoro di insegnante e di partire per un anno sabbatico. Ho quindi comprato un biglietto di sola andata e sono partita per l’Asia.</p><p>Un paio di mesi dopo, in Australia mi sono imbarcata e ho <strong>navigato in Oceano Pacifico per nove anni</strong>, esplorando l’Australia, il Messico, la Polinesia Francese, le Tonga e le Figi.</p><p>Dal 2018 mi trovate principalmente in Adriatico, sono armatrice di <a href="/la-mia-barca"><strong>Tahuata</strong></a>, d’estate navigo e organizzo<strong> <a href="/corsi-di-vela">corsi di vela</a></strong>, in autnno vado in Polinesi, d’inverno invece scrivo e presento in giro per l&#8217;Italia i miei viaggi e  <strong><a href="http://i-miei-libri" data-wplink-url-error="true">i miei libri.</a> </strong></p>								</div>
				</div>
				</div>
				</div>
		<div class="elementor-element elementor-element-9a213b2 e-flex e-con-boxed e-con e-parent" data-id="9a213b2" data-element_type="container" data-e-type="container">
					<div class="e-con-inner">
		<div class="elementor-element elementor-element-519dc9a e-con-full e-flex e-con e-child" data-id="519dc9a" data-element_type="container" data-e-type="container">
				<div class="elementor-element elementor-element-7616d96 elementor-widget elementor-widget-text-editor" data-id="7616d96" data-element_type="widget" data-e-type="widget" data-widget_type="text-editor.default">
				<div class="elementor-widget-container">
									<h5><strong>Le mie qualifiche:</strong></h5><ul><li>Patente nautica senza limiti dalla costa</li><li>Istruttrice vela FIV per derive, tavole a vela e cabinati regolarmente iscritta all’Albo</li><li>Laureata in Scienze della Formazione primaria a Lubiana (Slovenia)</li><li>25.000 miglia nautiche principalmente in Oceano Pacifico</li><li>Corso Sicurezza in mare valido</li><li>Corso BLSD valido</li><li>Certificato di Radioamatore call sign KD0RSM</li></ul><div class="wp-block-image"> </div>								</div>
				</div>
				</div>
					</div>
				</div>
		<div class="elementor-element elementor-element-9c318a3 e-con-full e-flex e-con e-parent" data-id="9c318a3" data-element_type="container" data-e-type="container" data-settings="{&quot;background_background&quot;:&quot;classic&quot;}">
		<div class="elementor-element elementor-element-7a5146d e-con-full e-flex e-con e-child" data-id="7a5146d" data-element_type="container" data-e-type="container">
				<div class="elementor-element elementor-element-15cf50f elementor-widget elementor-widget-image" data-id="15cf50f" data-element_type="widget" data-e-type="widget" data-widget_type="image.default">
				<div class="elementor-widget-container">
															<img decoding="async" width="640" height="619" src="https://jasnatuta.com/wp-content/uploads/2024/03/jasnatuta-pic.jpg" class="attachment-large size-large wp-image-8907" alt="jasnatuta-pic" srcset="https://jasnatuta.com/wp-content/uploads/2024/03/jasnatuta-pic.jpg 1024w, https://jasnatuta.com/wp-content/uploads/2024/03/jasnatuta-pic-300x290.jpg 300w, https://jasnatuta.com/wp-content/uploads/2024/03/jasnatuta-pic-768x743.jpg 768w, https://jasnatuta.com/wp-content/uploads/2024/03/jasnatuta-pic-200x193.jpg 200w" sizes="(max-width: 640px) 100vw, 640px" />															</div>
				</div>
				</div>
		<div class="elementor-element elementor-element-56fd396 e-con-full e-flex e-con e-child" data-id="56fd396" data-element_type="container" data-e-type="container">
				<div class="elementor-element elementor-element-bff7c8b elementor-widget elementor-widget-text-editor" data-id="bff7c8b" data-element_type="widget" data-e-type="widget" data-widget_type="text-editor.default">
				<div class="elementor-widget-container">
									<p>Il mio gioco preferito è sempre stata la&nbsp;<strong>caccia al tesoro</strong>. Da bambina adoravo quando la mamma mi faceva correre su e giù per il giardino cercando bigliettini nascosti sugli alberi e sotto ai cespugli. Anni dopo ho scoperto che organizzare una caccia per gli altri è per certi versi ancora più divertente: inventare enigmi, scrivere indizi, comporre messaggi in codice, trovare nascondigli non troppo ovvi ecc. C’era un periodo in cui passavo interi pomeriggi a disegnare mappe col succo di limone o a creare enormi puzzle, ma devo ammettere che questo non mi è mai sembrato uno spreco di tempo. Mentre lo facevo,&nbsp;<strong>mi sentivo creativa, contenta, piena di vita</strong>. Non saprei proprio dire chi si divertiva di più – io che preparavo la caccia o le persone che poi giocavano.</p>
<p>Intorno ai 30 anni ho capito di non voler smettere di giocare, e quindi ho continuato a dare caccia a tesori sparsi in giro per il mondo. Mi piace cercarli, trovarli e condividerli.&nbsp;<span style="color: var( --e-global-color-text ); text-align: var(--text-align); background-color: var( --e-global-color-kadence7 );">A volte il tesoro ha la forma di una nuova amicizia, a volte un posto spettacolare o un’esperienza indimenticabile. Ma quello che mi piace di questo gioco è che arrivare al tesoro non è poi così importante, il bello è&nbsp;</span><strong style="color: var( --e-global-color-text ); text-align: var(--text-align); background-color: var( --e-global-color-kadence7 );">divertirsi strada facendo.</strong></p>								</div>
				</div>
				</div>
				</div>
				</div>

<p>Sono nata in un bel giorno di maggio a Sistiana, in provincia di Trieste, e come tutti i triestini ho il mare nelle vene. A sei anni ho fatto il mio primo corso di vela e fu odio a prima vista. Feci una promessa a me stessa: “Non salirò mai più su una barca.” (fu solo la [&hellip;]</p>
